{"id":22031,"date":"2026-09-04T20:05:18","date_gmt":"2026-09-04T18:05:18","guid":{"rendered":"https:\/\/mayoristas.munira.net\/set-facher-und-tuch-garnata-verde\/"},"modified":"2026-09-04T20:05:18","modified_gmt":"2026-09-04T18:05:18","slug":"set-facher-und-tuch-garnata-verde","status":"publish","type":"product","link":"https:\/\/mayoristas.munira.net\/de\/set-facher-und-tuch-garnata-verde\/","title":{"rendered":"Set F\u00e4cher und Tuch Garnata Verde"},"content":{"rendered":"","protected":false},"excerpt":{"rendered":"<p>F\u00e4cher und Tuch mit demselben Muster Garnata Verde. Wird als zwei Artikel geliefert: zusammen pr\u00e4sentieren oder einzeln verkaufen.<\/p>\n","protected":false},"featured_media":22008,"template":"","meta":[],"product_brand":[],"product_cat":[720,692],"product_tag":[],"class_list":["post-22031","product","type-product","status-publish","has-post-thumbnail","product_cat-tuch-faecher-sets","product_cat-spanische-faecher","first","instock","taxable","shipping-taxable","product-type-simple"],"_links":{"self":[{"href":"https:\/\/mayoristas.munira.net\/de\/wp-json\/wp\/v2\/product\/22031","targetHints":{"allow":["GET"]}}],"collection":[{"href":"https:\/\/mayoristas.munira.net\/de\/wp-json\/wp\/v2\/product"}],"about":[{"href":"https:\/\/mayoristas.munira.net\/de\/wp-json\/wp\/v2\/types\/product"}],"wp:featuredmedia":[{"embeddable":true,"href":"https:\/\/mayoristas.munira.net\/de\/wp-json\/wp\/v2\/media\/22008"}],"wp:attachment":[{"href":"https:\/\/mayoristas.munira.net\/de\/wp-json\/wp\/v2\/media?parent=22031"}],"wp:term":[{"taxonomy":"product_brand","embeddable":true,"href":"https:\/\/mayoristas.munira.net\/de\/wp-json\/wp\/v2\/product_brand?post=22031"},{"taxonomy":"product_cat","embeddable":true,"href":"https:\/\/mayoristas.munira.net\/de\/wp-json\/wp\/v2\/product_cat?post=22031"},{"taxonomy":"product_tag","embeddable":true,"href":"https:\/\/mayoristas.munira.net\/de\/wp-json\/wp\/v2\/product_tag?post=22031"}],"curies":[{"name":"wp","href":"https:\/\/api.w.org\/{rel}","templated":true}]}}

Set Fächer und Tuch Garnata Verde

<p>Fächer und Tuch mit demselben Muster Garnata Verde. Wird als zwei Artikel geliefert: zusammen präsentieren oder einzeln verkaufen.</p>
