{"id":21927,"date":"2026-08-29T12:00:00","date_gmt":"2026-08-29T10:00:00","guid":{"rendered":"https:\/\/mayoristas.munira.net\/?post_type=product&p=21927"},"modified":"2026-07-13T11:00:18","modified_gmt":"2026-07-13T09:00:18","slug":"quadratisches-tuch-fatima-rosa","status":"publish","type":"product","link":"https:\/\/mayoristas.munira.net\/de\/quadratisches-tuch-fatima-rosa\/","title":{"rendered":"Quadratisches Tuch F\u00e1tima Rosa"},"content":{"rendered":"","protected":false},"excerpt":{"rendered":"<p>Tuch aus Polyester mit dem Design F\u00e1tima Rosa, inspiriert von der Geometrie der Mosaike von Al-Andalus. Leichtes Gewebe, 70 \u00d7 70 cm. Die richtige Wahl f\u00fcr alle, die ein g\u00fcnstiges Tuch suchen, ohne auf Design zu verzichten. Vielseitig und elegant, ideal f\u00fcr Ihre Verkaufsfl\u00e4che.<\/p>\n","protected":false},"featured_media":21677,"template":"","meta":[],"product_brand":[],"product_cat":[695,699,691],"product_tag":[626],"class_list":["post-21927","product","type-product","status-publish","has-post-thumbnail","product_cat-neuheiten","product_cat-polyestertuecher","product_cat-schals-tuecher","product_tag-minimo-3","first","instock","taxable","shipping-taxable","product-type-simple"],"_links":{"self":[{"href":"https:\/\/mayoristas.munira.net\/de\/wp-json\/wp\/v2\/product\/21927","targetHints":{"allow":["GET"]}}],"collection":[{"href":"https:\/\/mayoristas.munira.net\/de\/wp-json\/wp\/v2\/product"}],"about":[{"href":"https:\/\/mayoristas.munira.net\/de\/wp-json\/wp\/v2\/types\/product"}],"wp:featuredmedia":[{"embeddable":true,"href":"https:\/\/mayoristas.munira.net\/de\/wp-json\/wp\/v2\/media\/21677"}],"wp:attachment":[{"href":"https:\/\/mayoristas.munira.net\/de\/wp-json\/wp\/v2\/media?parent=21927"}],"wp:term":[{"taxonomy":"product_brand","embeddable":true,"href":"https:\/\/mayoristas.munira.net\/de\/wp-json\/wp\/v2\/product_brand?post=21927"},{"taxonomy":"product_cat","embeddable":true,"href":"https:\/\/mayoristas.munira.net\/de\/wp-json\/wp\/v2\/product_cat?post=21927"},{"taxonomy":"product_tag","embeddable":true,"href":"https:\/\/mayoristas.munira.net\/de\/wp-json\/wp\/v2\/product_tag?post=21927"}],"curies":[{"name":"wp","href":"https:\/\/api.w.org\/{rel}","templated":true}]}}

Quadratisches Tuch Fátima Rosa

<p>Tuch aus Polyester mit dem Design Fátima Rosa, inspiriert von der Geometrie der Mosaike von Al-Andalus. Leichtes Gewebe, 70 × 70 cm. Die richtige Wahl für alle, die ein günstiges Tuch suchen, ohne auf Design zu verzichten. Vielseitig und elegant, ideal für Ihre Verkaufsfläche.</p>
