{"id":21241,"date":"2026-05-18T17:25:17","date_gmt":"2026-05-18T15:25:17","guid":{"rendered":"https:\/\/mayoristas.munira.net\/panuelo-modal-itr-2\/"},"modified":"2026-08-20T13:07:25","modified_gmt":"2026-08-20T11:07:25","slug":"modaltuch-itr","status":"publish","type":"product","link":"https:\/\/mayoristas.munira.net\/de\/modaltuch-itr\/","title":{"rendered":"Modaltuch itr"},"content":{"rendered":"","protected":false},"excerpt":{"rendered":"<p>Tuch aus Modal mit dem Design itr, inspiriert von der Geometrie der Mosaike von Al-Andalus. Weiches, leichtes Gewebe, 180 \u00d7 65 cm. Entworfen in Spanien. Ein vielseitiges, elegantes St\u00fcck, ideal f\u00fcr Ihre Verkaufsfl\u00e4che.<\/p>\n","protected":false},"featured_media":7755,"template":"","meta":[],"product_brand":[],"product_cat":[698,695,691],"product_tag":[],"class_list":["post-21241","product","type-product","status-publish","has-post-thumbnail","product_cat-modaltuecher","product_cat-neuheiten","product_cat-schals-tuecher","first","instock","taxable","shipping-taxable","product-type-simple"],"_links":{"self":[{"href":"https:\/\/mayoristas.munira.net\/de\/wp-json\/wp\/v2\/product\/21241","targetHints":{"allow":["GET"]}}],"collection":[{"href":"https:\/\/mayoristas.munira.net\/de\/wp-json\/wp\/v2\/product"}],"about":[{"href":"https:\/\/mayoristas.munira.net\/de\/wp-json\/wp\/v2\/types\/product"}],"wp:featuredmedia":[{"embeddable":true,"href":"https:\/\/mayoristas.munira.net\/de\/wp-json\/wp\/v2\/media\/7755"}],"wp:attachment":[{"href":"https:\/\/mayoristas.munira.net\/de\/wp-json\/wp\/v2\/media?parent=21241"}],"wp:term":[{"taxonomy":"product_brand","embeddable":true,"href":"https:\/\/mayoristas.munira.net\/de\/wp-json\/wp\/v2\/product_brand?post=21241"},{"taxonomy":"product_cat","embeddable":true,"href":"https:\/\/mayoristas.munira.net\/de\/wp-json\/wp\/v2\/product_cat?post=21241"},{"taxonomy":"product_tag","embeddable":true,"href":"https:\/\/mayoristas.munira.net\/de\/wp-json\/wp\/v2\/product_tag?post=21241"}],"curies":[{"name":"wp","href":"https:\/\/api.w.org\/{rel}","templated":true}]}}

<p>Tuch aus Modal mit dem Design itr, inspiriert von der Geometrie der Mosaike von Al-Andalus. Weiches, leichtes Gewebe, 180 × 65 cm. Entworfen in Spanien. Ein vielseitiges, elegantes Stück, ideal für Ihre Verkaufsfläche.</p>
