{"id":21215,"date":"2026-06-10T10:40:05","date_gmt":"2026-06-10T08:40:05","guid":{"rendered":"https:\/\/mayoristas.munira.net\/abanico-de-seda-lorelei-23-cm-2\/"},"modified":"2026-08-20T13:07:23","modified_gmt":"2026-08-20T11:07:23","slug":"seidenfaecher-lorelei-23-cm","status":"publish","type":"product","link":"https:\/\/mayoristas.munira.net\/de\/seidenfaecher-lorelei-23-cm\/","title":{"rendered":"Seidenf\u00e4cher Lorelei 23 cm"},"content":{"rendered":"","protected":false},"excerpt":{"rendered":"<p>F\u00e4cher aus Habotai-Seide, inspiriert von \u00abCuadrados con c\u00edrculos conc\u00e9ntricos\u00bb von Wassily Kandinsky, montiert auf St\u00e4ben aus FSC-zertifiziertem Kotib\u00e9-Holz. Handwerklich in Spanien gefertigt. Ma\u00dfe: 23 cm geschlossen, 46 cm ge\u00f6ffnet. Ein vielseitiges, elegantes St\u00fcck, ideal f\u00fcr Ihre Verkaufsfl\u00e4che.<\/p>\n","protected":false},"featured_media":8089,"template":"","meta":[],"product_brand":[],"product_cat":[692,695],"product_tag":[],"class_list":["post-21215","product","type-product","status-publish","has-post-thumbnail","product_cat-faecher","product_cat-neuheiten","first","outofstock","taxable","shipping-taxable","product-type-simple"],"_links":{"self":[{"href":"https:\/\/mayoristas.munira.net\/de\/wp-json\/wp\/v2\/product\/21215","targetHints":{"allow":["GET"]}}],"collection":[{"href":"https:\/\/mayoristas.munira.net\/de\/wp-json\/wp\/v2\/product"}],"about":[{"href":"https:\/\/mayoristas.munira.net\/de\/wp-json\/wp\/v2\/types\/product"}],"wp:featuredmedia":[{"embeddable":true,"href":"https:\/\/mayoristas.munira.net\/de\/wp-json\/wp\/v2\/media\/8089"}],"wp:attachment":[{"href":"https:\/\/mayoristas.munira.net\/de\/wp-json\/wp\/v2\/media?parent=21215"}],"wp:term":[{"taxonomy":"product_brand","embeddable":true,"href":"https:\/\/mayoristas.munira.net\/de\/wp-json\/wp\/v2\/product_brand?post=21215"},{"taxonomy":"product_cat","embeddable":true,"href":"https:\/\/mayoristas.munira.net\/de\/wp-json\/wp\/v2\/product_cat?post=21215"},{"taxonomy":"product_tag","embeddable":true,"href":"https:\/\/mayoristas.munira.net\/de\/wp-json\/wp\/v2\/product_tag?post=21215"}],"curies":[{"name":"wp","href":"https:\/\/api.w.org\/{rel}","templated":true}]}}

Seidenfächer Lorelei 23 cm

<p>Fächer aus Habotai-Seide, inspiriert von «Cuadrados con círculos concéntricos» von Wassily Kandinsky, montiert auf Stäben aus FSC-zertifiziertem Kotibé-Holz. Handwerklich in Spanien gefertigt. Maße: 23 cm geschlossen, 46 cm geöffnet. Ein vielseitiges, elegantes Stück, ideal für Ihre Verkaufsfläche.</p>
