{"id":19689,"date":"2024-09-19T17:20:54","date_gmt":"2024-09-19T15:20:54","guid":{"rendered":"https:\/\/mayoristas.munira.net\/cuaderno-piel-geometrias-verde-2\/"},"modified":"2026-08-20T13:06:10","modified_gmt":"2026-08-20T11:06:10","slug":"notizbuch-aus-leder-geometrien-gruen","status":"publish","type":"product","link":"https:\/\/mayoristas.munira.net\/de\/notizbuch-aus-leder-geometrien-gruen\/","title":{"rendered":"Notizbuch aus Leder Geometrien Gr\u00fcn"},"content":{"rendered":"","protected":false},"excerpt":{"rendered":"<p>Notizbuchh\u00fclle aus Rindsleder mit Nalayn-Design. In Spanien handgefertigt. Wird mit einem wei\u00dfen Hardcover-Notizbuch von Miquel Rius geliefert und ist nachf\u00fcllbar: Sie k\u00f6nnen es austauschen, wenn es voll ist. Das Naturleder gewinnt mit dem Gebrauch an Charakter. Ma\u00dfe: 22 \u00d7 16,5 \u00d7 1,5 cm. Wird in einer festen Schachtel geliefert. Ein handwerkliches, langlebiges St\u00fcck, ideal f\u00fcr Ihre Verkaufsfl\u00e4che.<\/p>\n","protected":false},"featured_media":2475,"template":"","meta":[],"product_brand":[],"product_cat":[35,31],"product_tag":[],"class_list":["post-19689","product","type-product","status-publish","has-post-thumbnail","product_cat-cuadernos","product_cat-cuero","first","instock","taxable","shipping-taxable","product-type-simple"],"_links":{"self":[{"href":"https:\/\/mayoristas.munira.net\/de\/wp-json\/wp\/v2\/product\/19689","targetHints":{"allow":["GET"]}}],"collection":[{"href":"https:\/\/mayoristas.munira.net\/de\/wp-json\/wp\/v2\/product"}],"about":[{"href":"https:\/\/mayoristas.munira.net\/de\/wp-json\/wp\/v2\/types\/product"}],"wp:featuredmedia":[{"embeddable":true,"href":"https:\/\/mayoristas.munira.net\/de\/wp-json\/wp\/v2\/media\/2475"}],"wp:attachment":[{"href":"https:\/\/mayoristas.munira.net\/de\/wp-json\/wp\/v2\/media?parent=19689"}],"wp:term":[{"taxonomy":"product_brand","embeddable":true,"href":"https:\/\/mayoristas.munira.net\/de\/wp-json\/wp\/v2\/product_brand?post=19689"},{"taxonomy":"product_cat","embeddable":true,"href":"https:\/\/mayoristas.munira.net\/de\/wp-json\/wp\/v2\/product_cat?post=19689"},{"taxonomy":"product_tag","embeddable":true,"href":"https:\/\/mayoristas.munira.net\/de\/wp-json\/wp\/v2\/product_tag?post=19689"}],"curies":[{"name":"wp","href":"https:\/\/api.w.org\/{rel}","templated":true}]}}

Notizbuch aus Leder Geometrien Grün

<p>Notizbuchhülle aus Rindsleder mit Nalayn-Design. In Spanien handgefertigt. Wird mit einem weißen Hardcover-Notizbuch von Miquel Rius geliefert und ist nachfüllbar: Sie können es austauschen, wenn es voll ist. Das Naturleder gewinnt mit dem Gebrauch an Charakter. Maße: 22 × 16,5 × 1,5 cm. Wird in einer festen Schachtel geliefert. Ein handwerkliches, langlebiges Stück, ideal für Ihre Verkaufsfläche.</p>
