{"id":19287,"date":"2023-01-20T13:06:48","date_gmt":"2023-01-20T12:06:48","guid":{"rendered":"https:\/\/mayoristas.munira.net\/cuaderno-piel-zellige-gris-2\/"},"modified":"2026-08-20T13:05:44","modified_gmt":"2026-08-20T11:05:44","slug":"notizbuch-aus-leder-zellige-grau","status":"publish","type":"product","link":"https:\/\/mayoristas.munira.net\/de\/notizbuch-aus-leder-zellige-grau\/","title":{"rendered":"Notizbuch aus Leder Zellige Grau"},"content":{"rendered":"","protected":false},"excerpt":{"rendered":"<p>Notizbuchh\u00fclle aus Rindsleder mit Nalayn-Design. In Spanien handgefertigt. Wird mit einem wei\u00dfen Hardcover-Notizbuch von Miquel Rius geliefert und ist nachf\u00fcllbar: Sie k\u00f6nnen es austauschen, wenn es voll ist. Das Naturleder gewinnt mit dem Gebrauch an Charakter. Ma\u00dfe: 22 \u00d7 16,5 \u00d7 1,5 cm. Wird in einer festen Schachtel geliefert. Ein handwerkliches, langlebiges St\u00fcck, ideal f\u00fcr Ihre Verkaufsfl\u00e4che.<\/p>\n","protected":false},"featured_media":1657,"template":"","meta":[],"product_brand":[],"product_cat":[35,31],"product_tag":[],"class_list":["post-19287","product","type-product","status-publish","has-post-thumbnail","product_cat-cuadernos","product_cat-cuero","first","instock","taxable","shipping-taxable","product-type-simple"],"_links":{"self":[{"href":"https:\/\/mayoristas.munira.net\/de\/wp-json\/wp\/v2\/product\/19287","targetHints":{"allow":["GET"]}}],"collection":[{"href":"https:\/\/mayoristas.munira.net\/de\/wp-json\/wp\/v2\/product"}],"about":[{"href":"https:\/\/mayoristas.munira.net\/de\/wp-json\/wp\/v2\/types\/product"}],"wp:featuredmedia":[{"embeddable":true,"href":"https:\/\/mayoristas.munira.net\/de\/wp-json\/wp\/v2\/media\/1657"}],"wp:attachment":[{"href":"https:\/\/mayoristas.munira.net\/de\/wp-json\/wp\/v2\/media?parent=19287"}],"wp:term":[{"taxonomy":"product_brand","embeddable":true,"href":"https:\/\/mayoristas.munira.net\/de\/wp-json\/wp\/v2\/product_brand?post=19287"},{"taxonomy":"product_cat","embeddable":true,"href":"https:\/\/mayoristas.munira.net\/de\/wp-json\/wp\/v2\/product_cat?post=19287"},{"taxonomy":"product_tag","embeddable":true,"href":"https:\/\/mayoristas.munira.net\/de\/wp-json\/wp\/v2\/product_tag?post=19287"}],"curies":[{"name":"wp","href":"https:\/\/api.w.org\/{rel}","templated":true}]}}

<p>Notizbuchhülle aus Rindsleder mit Nalayn-Design. In Spanien handgefertigt. Wird mit einem weißen Hardcover-Notizbuch von Miquel Rius geliefert und ist nachfüllbar: Sie können es austauschen, wenn es voll ist. Das Naturleder gewinnt mit dem Gebrauch an Charakter. Maße: 22 × 16,5 × 1,5 cm. Wird in einer festen Schachtel geliefert. Ein handwerkliches, langlebiges Stück, ideal für Ihre Verkaufsfläche.</p>
