{"id":18447,"date":"2023-01-17T17:15:19","date_gmt":"2023-01-17T16:15:19","guid":{"rendered":"https:\/\/mayoristas.munira.net\/panuelo-modal-comares-2\/"},"modified":"2026-08-20T13:05:08","modified_gmt":"2026-08-20T11:05:08","slug":"modaltuch-comares","status":"publish","type":"product","link":"https:\/\/mayoristas.munira.net\/de\/modaltuch-comares\/","title":{"rendered":"Modaltuch Comares"},"content":{"rendered":"","protected":false},"excerpt":{"rendered":"<p>Tuch aus Modal mit dem Design Comares, inspiriert von der Geometrie der Mosaike von Al-Andalus. Weiches, leichtes Gewebe, 180 \u00d7 65 cm. Entworfen in Spanien. Ein vielseitiges, elegantes St\u00fcck, ideal f\u00fcr Ihre Verkaufsfl\u00e4che.<\/p>\n","protected":false},"featured_media":2896,"template":"","meta":[],"product_brand":[],"product_cat":[698,691],"product_tag":[],"class_list":["post-18447","product","type-product","status-publish","has-post-thumbnail","product_cat-modaltuecher","product_cat-schals-tuecher","first","instock","taxable","shipping-taxable","product-type-simple"],"_links":{"self":[{"href":"https:\/\/mayoristas.munira.net\/de\/wp-json\/wp\/v2\/product\/18447","targetHints":{"allow":["GET"]}}],"collection":[{"href":"https:\/\/mayoristas.munira.net\/de\/wp-json\/wp\/v2\/product"}],"about":[{"href":"https:\/\/mayoristas.munira.net\/de\/wp-json\/wp\/v2\/types\/product"}],"wp:featuredmedia":[{"embeddable":true,"href":"https:\/\/mayoristas.munira.net\/de\/wp-json\/wp\/v2\/media\/2896"}],"wp:attachment":[{"href":"https:\/\/mayoristas.munira.net\/de\/wp-json\/wp\/v2\/media?parent=18447"}],"wp:term":[{"taxonomy":"product_brand","embeddable":true,"href":"https:\/\/mayoristas.munira.net\/de\/wp-json\/wp\/v2\/product_brand?post=18447"},{"taxonomy":"product_cat","embeddable":true,"href":"https:\/\/mayoristas.munira.net\/de\/wp-json\/wp\/v2\/product_cat?post=18447"},{"taxonomy":"product_tag","embeddable":true,"href":"https:\/\/mayoristas.munira.net\/de\/wp-json\/wp\/v2\/product_tag?post=18447"}],"curies":[{"name":"wp","href":"https:\/\/api.w.org\/{rel}","templated":true}]}}

<p>Tuch aus Modal mit dem Design Comares, inspiriert von der Geometrie der Mosaike von Al-Andalus. Weiches, leichtes Gewebe, 180 × 65 cm. Entworfen in Spanien. Ein vielseitiges, elegantes Stück, ideal für Ihre Verkaufsfläche.</p>
